 l is divided by 5?
3
Let i be 1/(-4 - 21/(-6)). What is the remainder when 227 is divided by 10*(-1)/i + 5?
7
Suppose 21*l + 22 = 64. Suppose -l*p + 36 = -3*i, 4*i - 12 = -2*p + i. What is the remainder when 56 is divided by p?
8
Let j(m) be the second derivative of -13*m**3/6 + 73*m**2 - 116*m. Calculate the remainder when ((-2)/4)/((-1)/122) is divided by j(10).
13
Suppose -2*o + 346 = -17*z, -3*z + 104 = -23*o + 24*o. Calculate the remainder when o is divided by 94.
28
Suppose -14*k - t = -11*k - 47, -4*k - 2*t + 62 = 0. Calculate the remainder when 9/(0 - -3) + 22 is divided by k.
9
Calculate the remainder when (-1388)/(40/(-140) - (-24)/(-14)) is divided by 15.
4
What is the remainder when (6/(-4) + 1)/(-2*12/151344) is divided by 524?
9
Suppose 4*c = -2*o - 74, 65 = -3*c - 2*c + 3*o. Suppose 27 = 3*s - 2*s. What is the remainder when s is divided by 8/c - (-13)/2?
3
Let a = -27 - -34. Suppose 32 = -6*x + a*x. Let r = 360 - 237. Calculate the remainder when r is divided by x.
27
Suppose 163*j + 1951 = 8391 + 12631. Let k = 29 - 8. Calculate the remainder when j is divided by k.
12
Let q(z) = -49*z - 5. What is the remainder when q(-4) is divided by -22*(-24)/858*104?
63
Suppose 121 = -55*x + 396. Suppose x*b = -15, 4*b = 74*q - 75*q + 280. What is the remainder when q is divided by 21?
19
Let g be -96 - (-4 + 12 + -3 + -5). Let x = -79 - g. Calculate the remainder when 168 is divided by x.
15
Let g = -704 + 436. Let x = g + 279. Calculate the remainder when 32 is divided by x.
10
What is the remainder when (-66)/3*(-6 - 220) is divided by 16?
12
Suppose -9*f + 776 = 245. Calculate the remainder when 14099 is divided by f.
57
Let l(u) = -449 - 34*u + 18*u + 448 - 88*u + 7*u**2. Suppose 0 = 3*m - 5*m + 10. What is the remainder when l(15) is divided by m?
4
Suppose 2*c = -5*v + 36, -5*c + 90 = -0*v + 5*v. Let i be 7*(-6)/(-84)*0 + -783. Let x = i + 889. What is the remainder when x is divided by c?
16
Suppose -82*u + 18250 = -32*u. What is the remainder when u is divided by 42?
29
Let r = 2 + 2. Calculate the remainder when 1414/14 - (71 - 39) is divided by r.
1
Let g(p) be the first derivative of -p**2/2 + 35*p + 57. What is the remainder when g(9) is divided by 15?
11
Let b be (-2480)/(-112) - (-2)/(-14). Suppose -2 = -4*n + b. Suppose 13*x = n*x + 553. Calculate the remainder when x is divided by 20.
19
Suppose 0 = 65*c - 13003 - 6692. Suppose -2*o + 30 = -8. What is the remainder when c is divided by o?
18
Let r(a) = -2*a + 64. Let o be r(16). Suppose -5*l + 68 = q + 2*q, -4*q = 3*l - o. What is the remainder when 53 is divided by l?
5
Suppose 0 = 4*g - 4*s - 212, 0 = -3*g - 0*s + s + 153. What is the remainder when g is divided by (((-12)/(-8))/(5/(-6)))/((-379)/5685)?
23
Let s = -22033 - -22111. Calculate the remainder when 103 is divided by s.
25
Let g be (1 - -2)/(550/(-556) - -1). Let l = g - 272. What is the remainder when 29 is divided by l?
5
Suppose 2 = 4*m - 18. What is the remainder when 77 is divided by (m/(10/(-27)))/((-11)/22)?
23
Suppose 0 = 60*a - 66*a - 144. Calculate the remainder when 52 is divided by (-4)/(64/a) - (-66)/4.
16
Suppose -a = -4*a - r + 56, -35 = -2*a - 3*r. Suppose 3*y = 25 - 16. Suppose 296 = y*i + i. What is the remainder when i is divided by a?
17
Let n = -75 + 15. Let a = 96 + n. Let b = a + 20. What is the remainder when b is divided by 29?
27
Suppose 0 = -48*w + 55*w - 112. Let p be ((-81)/1)/((-6)/4). Suppose 0 = q + 3*c - p, 2*q + 3*c = 3*q - 30. Calculate the remainder when q is divided by w.
10
Suppose -97*f = -1036 - 7597. Calculate the remainder when 5517 is divided by f.
88
Let s = 386 + -768. Let o = s - -402. Calculate the remainder when 62 is divided by o.
2
Let x(i) = -656*i + 30. Let b be x(3). Calculate the remainder when (-1*b/15)/(2/5) is divided by 18.
17
Suppose 34*v - 2021 = -1545. What is the remainder when 8560 is divided by v?
6
Calculate the remainder when 3 - (-1025 + (16 - 1)) is divided by 145.
143
Suppose -1078 = 2*h - 9*h. Let d(x) = x**2 - 66. Calculate the remainder when h is divided by d(11).
44
Let b(m) = 4*m**3 - 12*m**2 - 17*m + 93. What is the remainder when 961 is divided by b(5)?
129
Let b be (-3)/6 - 1 - (-729)/(-18). What is the remainder when 18*(3 - b/(-18)) is divided by -4*(-1)/((-4)/(-3))?
0
Suppose 171*g = 172*g - 146. Let b = 157 - g. Calculate the remainder when 26 is divided by b.
4
Let z(n) = n**3 + n**2 - n + 10. Let l be z(-3). Let k be (-2)/((l - -7)*1). Calculate the remainder when k/3 - (10860/18)/(-10) is divided by 17.
9
Suppose 0 = -x + 1, -f + 5*f + 5*x = 337. Suppose 0 = 112*t - 119*t + 1701. What is the remainder when t is divided by f?
77
Suppose -147 - 93 = -5*o. Let p = -596 + 590. What is the remainder when (-364)/(p + 4) - (-24)/4 is divided by o?
44
Let m(a) = 3*a**2 - 10*a - 7. Suppose d - 69 = 5*j, -3*j - 165 - 92 = -5*d. Calculate the remainder when m(10) is divided by d.
46
Let k(n) = 13*n + 4*n - 16*n - n**2. Let t(y) = y**3 - 18*y**2 + 9. Let c(o) = k(o) - t(o). What is the remainder when c(17) is divided by 4?
0
Let w be (-8)/6*378/(-56). Suppose -2*y + 4*l + 3 = -w, y = 4*l + 2. What is the remainder when 29 is divided by y?
9
Calculate the remainder when (-3)/(-4)*3*60 is divided by 56/140 + 156/(-15) + 4 + 52.
43
Suppose 325*i - 459 = 320*i - 2*m, 2*i - 174 = 4*m. Suppose -5*k = -2*g + 6*g - 11, -k = 3*g. What is the remainder when i is divided by k + (0 - 1) + 45?
44
Let p(s) = s**3 + 11*s**2 + 6*s - 4. Let l be p(-11). Let y = 16 - l. What is the remainder when y is divided by 29?
28
Let b = 11882 + -11851. What is the remainder when 1516 is divided by b?
28
Let q(c) = -c**3 + 4*c**2 + 7*c + 2. Calculate the remainder when 104 - (-4 + (-150)/(-10)) is divided by q(5).
9
Let h(m) = 3*m**2 - 24*m - 4. What is the remainder when 3678 is divided by h(9)?
21
Let n = 202 - 197. Suppose -5*q + 32 = 3*s, -18 = -n*s + 3*s - 5*q. Let h(l) = 4*l**2 - 6*l + 6. What is the remainder when h(4) is divided by s?
4
Let r = 12371 + -12142. Calculate the remainder when r is divided by 8.
5
Suppose 14*l - 19*l - 40 = -2*p, -p - l = 1. Suppose 28 = -4*s - f, 4*s = 6*s - 3*f. What is the remainder when (-2)/(s*1)*39 is divided by p?
3
Let z be ((-112)/24)/((-2)/3). Suppose 25 = y - 4*g, 4*y + 3*g = z*y - 48. Calculate the remainder when 30 is divided by y.
4
Suppose -3*r + 5*x = -501, -3*x + 260 - 749 = -3*r. What is the remainder when r is divided by 37?
9
What is the remainder when 1394 is divided by 134/2144 + 7435/80?
92
Let c(u) = u**3 + 16*u**2 + 17*u + 44. Let g be c(-15). Suppose 0 = 5*j - 5, -g*a + 15*a + 5*j = 36. What is the remainder when 151 is divided by a?
27
Let j(y) = -22*y + 182. Let q be j(9). Let s(p) = 4*p + 69. What is the remainder when 58 is divided by s(q)?
3
Suppose -3*q = 4*z - 4175, 0 = -q - 81*z + 84*z + 1396. What is the remainder when q is divided by 41?
40
Suppose 48*i = 43*i + 30. Suppose i*b + 627 = -9. Let z = b + 113. Calculate the remainder when 19 is divided by z.
5
What is the remainder when 898 is divided by -3 - ((-2907)/81 + (-7)/63*1)?
7
Let g(o) = 6*o**3 - 5*o**2 - 4*o + 6. Let l be g(4). Let z = l - 200. Let r(y) = -y**2 - 17*y + 85. What is the remainder when z is divided by r(-20)?
19
Let b(k) = k + 13. Let w be b(15). Suppose -w*j + 25*j = -5*g - 587, -5*g - 20 = 0. Suppose 3 = 3*u - 45. Calculate the remainder when j is divided by u.
13
Suppose 4*a - 2*g = 10, 2*a + 2*g + 57 = 59. Suppose -5*n + 3*n = -q - 164, -3*q - 168 = -a*n. What is the remainder when n is divided by 6?
3
Let f(b) = -6*b + 234. Let c be (-1)/(-3)*-2*9. What is the remainder when 76/6*(-9)/c is divided by f(37)?
7
Suppose 198*c = 208*c + b - 342, -6 = -3*b. Let d(g) = g**2 + 5*g + 6. What is the remainder when c is divided by d(-5)?
4
Suppose -4*a + 226 + 354 + 24 = 0. Calculate the remainder when 576 is divided by a.
123
Let t(y) = 3*y**2 + 2521*y + 32338. Let j = 26 + 12. What is the remainder when t(-13) is divided by j?
34
Let v(f) = -51*f - 17. What is the remainder when v(-6) is divided by 76?
61
Let c = -465 - -510. Let b = c - 15. What is the remainder when 103 is divided by b?
13
Let k(n) = -n**3 - 103*n**2 - 489*n + 112. Calculate the remainder when 4380 is divided by k(-98).
12
Calculate the remainder when 3